inder when 2705412 is divided by 3240.
12
What is the remainder when 133190572 is divided by 241?
235
What is the remainder when 304822763 is divided by 13?
11
Calculate the remainder when 615800 is divided by 68392.
272
What is the remainder when 7134 is divided by 2687?
1760
Calculate the remainder when 44788338 is divided by 1058.
24
Calculate the remainder when 17378349 is divided by 48.
45
What is the remainder when 50924542 is divided by 6605?
6597
What is the remainder when 739432 is divided by 22402?
166
Calculate the remainder when 15137450 is divided by 722.
720
Calculate the remainder when 5680751 is divided by 2544.
2543
Calculate the remainder when 3513571 is divided by 3398.
39
Calculate the remainder when 155792106 is divided by 128.
106
Calculate the remainder when 92020278 is divided by 40.
38
Calculate the remainder when 216586 is divided by 76.
62
Calculate the remainder when 3173013 is divided by 33751.
419
Calculate the remainder when 8980889 is divided by 8762.
8601
What is the remainder when 2776370 is divided by 1136?
1122
Calculate the remainder when 81331 is divided by 9016.
187
Calculate the remainder when 906506 is divided by 43146.
440
What is the remainder when 66393 is divided by 22105?
78
What is the remainder when 4512406 is divided by 194?
160
Calculate the remainder when 1011050623 is divided by 39.
37
What is the remainder when 29509712 is divided by 53?
1
What is the remainder when 1453032 is divided by 670?
472
Calculate the remainder when 529419 is divided by 105.
9
Calculate the remainder when 661552 is divided by 1766.
1068
Calculate the remainder when 33452 is divided by 1273.
354
Calculate the remainder when 35080489 is divided by 35.
24
What is the remainder when 132167 is divided by 65840?
487
Calculate the remainder when 527826 is divided by 132.
90
Calculate the remainder when 2221365 is divided by 5327.
6
Calculate the remainder when 229626474 is divided by 25.
24
Calculate the remainder when 9100092 is divided by 18.
12
What is the remainder when 566419241 is divided by 87?
86
What is the remainder when 59255 is divided by 122?
85
Calculate the remainder when 13979753 is divided by 18.
17
What is the remainder when 16938690 is divided by 1627?
1620
Calculate the remainder when 112675 is divided by 2681.
73
What is the remainder when 4195927 is divided by 409?
405
Calculate the remainder when 534740 is divided by 7981.
13
Calculate the remainder when 1302242 is divided by 577.
530
Calculate the remainder when 3652834 is divided by 14.
10
Calculate the remainder when 73019 is divided by 8073.
362
What is the remainder when 799792895 is divided by 56?
55
What is the remainder when 36650922 is divided by 615?
612
What is the remainder when 1679775 is divided by 188?
183
Calculate the remainder when 47915 is divided by 23025.
1865
Calculate the remainder when 5762836 is divided by 887.
884
Calculate the remainder when 1161726 is divided by 46.
42
What is the remainder when 38585 is divided by 1101?
50
Calculate the remainder when 23069116 is divided by 31.
1
Calculate the remainder when 533404 is divided by 20.
4
Calculate the remainder when 1699567 is divided by 3326.
3307
Calculate the remainder when 21523276 is divided by 12572.
12
What is the remainder when 29874 is divided by 3183?
1227
What is the remainder when 976982 is divided by 1023?
17
What is the remainder when 3202567 is divided by 114326?
1439
What is the remainder when 2406636 is divided by 9116?
12
Calculate the remainder when 559851 is divided by 43012.
695
What is the remainder when 24949 is divided by 259?
85
Calculate the remainder when 296162839 is divided by 98720945.
4
What is the remainder when 9955173 is divided by 79?
67
What is the remainder when 9731675 is divided by 14903?
16
Calculate the remainder when 966298 is divided by 73.
70
What is the remainder when 187266 is divided by 61909?
1539
Calculate the remainder when 1593015 is divided by 107.
106
What is the remainder when 2644182 is divided by 2984?
358
What is the remainder when 717356 is divided by 147?
143
Calculate the remainder when 234286 is divided by 188.
38
Calculate the remainder when 4975778 is divided by 139.
134
Calculate the remainder when 131548 is divided by 1589.
1250
What is the remainder when 110177431 is divided by 3617?
3611
Calculate the remainder when 1857733 is divided by 64053.
196
What is the remainder when 7819738 is divided by 405?
403
What is the remainder when 117771 is divided by 3918?
231
Calculate the remainder when 66302610 is divided by 11475.
60
What is the remainder when 3153952 is divided by 5338?
4532
What is the remainder when 127137 is divided by 184?
177
What is the remainder when 4489406 is divided by 158?
152
What is the remainder when 57783 is divided by 1814?
1549
What is the remainder when 172366 is divided by 172354?
12
Calculate the remainder when 33023578 is divided by 79.
77
Calculate the remainder when 46656478 is divided by 76.
2
Calculate the remainder when 1086049 is divided by 271489.
93
Calculate the remainder when 1346130 is divided by 954.
36
What is the remainder when 1528914 is divided by 47777?
50
Calculate the remainder when 25699272 is divided by 668.
644
What is the remainder when 316466 is divided by 4657?
4447
What is the remainder when 61400245 is divided by 37?
3
What is the remainder when 257116629 is divided by 3687?
3684
Calculate the remainder when 176703 is divided by 17669.
13
What is the remainder when 18839022 is divided by 92?
90
Calculate the remainder when 6169700 is divided by 562.
64
What is the remainder when 1309330 is divided by 81830?
50
What is the remainder when 34028 is divided by 6016?
3948
Calculate the remainder when 48760 is divided by 48665.
95
Calculate the remainder when 7716443 is divided by 1543225.
318
Calculate the remainder when 67909364 is divided by 52.
16
What is the remainder when 9707292 is divided by 154084?
0
What is the remainder when 13249098 is divided by 38627?
37
Calculate the remainder when 3239897 is divided by 330.
287
What is the remainder when 32601614 is divided by 10867199?
17
What is the remainder when 113177 is divided by 63?
29
What is the remainder when 28250883 is divided by 22?
1
Calculate the remainder when 3816262 is divided by 2551.
2517
What is the remainder when 488961 is divided by 244400?
161
Calculate the remainder when 2380 is divided by 301.
273
Calculate the remainder when 30914202 is divided by 301.
298
What is the remainder when 13460458 is divided by 113?
11
Calculate the remainder when 13019976 is divided by 115221.
3
What is the remainder when 7555861 is divided by 42?
19
Calculate the remainder when 81082 is divided by 162.
82
What is the remainder when 2481629 is divided by 61?
27
What is the remainder when 3056153468 is divided by 53?
52
Calculate the remainder when 283359 is divided by 283275.
84
What is the remainder when 2530095 is divided by 41?
26
Calculate the remainder when 287249 is divided by 286574.
675
What is the remainder when 45394067 is divided by 68?
55
What is the remainder when 16805 is divided by 2666?
809
What is the remainder when 141208 is divided by 10796?
860
Calculate the remainder when 10826108 is divided by 22.
18
What is the remainder when 150752 is divided by 643?
290
Calculate the remainder when 74134 is divided by 74020.
114
Calculate the remainder when 280818 is divided by 509.
359
Calculate the remainder when 50729980 is divided by 804.
796
Calculate the remainder when 43183 is divided by 7128.
415
Calculate the remainder when 1256655 is divided by 2228.
63
What is the remainder when 204127 is divided by 10188?
367
What is the remainder when 249076 is divided by 458?
382
Calculate the remainder when 88569 is divided by 86621.
1948
What is the remainder when 31470722 is divided by 771?
44
Calculate the remainder when 56351145 is divided by 48.
9
Calculate the remainder when 24486888 is divided by 1530430.
8
What is the remainder when 1652765 is divided by 275443?
107
Calculate the remainder when 690398000 is divided by 7.
5
What is the remainder when 629423 is divided by 314701?
21
Calculate the remainder when 25042287 is divided by 856.
7
What is the remainder when 333563550 is divided b